 + 8362. What is m(204)?
-2
Let h(i) = 301*i - 35526. Calculate h(118).
-8
Let n(y) = y**3 + 384*y**2 + 299*y + 114834. Calculate n(-384).
18
Let d(r) = 203471*r - 9970083. Give d(49).
-4
Let f(d) = d**3 - 101*d**2 + 1766*d + 397. Determine f(79).
2609
Let m(c) = -c**3 - 140*c**2 - 523*c + 1996. What is m(-136)?
-860
Let b(x) = x**2 + 8*x - 2705. Determine b(38).
-957
Let a(s) = -10*s**3 + 14224*s**2 - 19891*s - 4264. Calculate a(1421).
-1
Let b(f) = -2*f**3 - 49*f**2 - 296*f - 1653. Calculate b(-19).
0
Let l(n) = -18182*n + 163847. What is l(9)?
209
Let n(q) = 1044*q - 15271. Determine n(16).
1433
Let j(u) = -u**3 + 311*u**2 + 3233*u - 7398. Give j(321).
-15
Let n(s) = -9*s**3 + 370*s**2 - 67*s + 1085. Calculate n(41).
19
Let l(a) = -10*a**3 + 1774*a**2 - 2466*a + 346. What is l(176)?
-6
Let v(u) = -3*u**2 + 300*u - 5778. Calculate v(74).
-6
Let h(m) = -1909*m + 64981. Give h(34).
75
Let k(v) = 3103*v + 96224. Calculate k(-31).
31
Let v(h) = -9095*h + 6930385. Calculate v(762).
-5
Let v(i) = -43*i**2 - 242*i - 2225. Calculate v(-9).
-3530
Let g(d) = -d**3 + 3*d**2 - 99*d + 5815. Give g(17).
86
Let p(i) = 27*i**3 + 7*i**2 + 2*i - 33. Give p(-6).
-5625
Let m(r) = -7*r**3 + 9*r**2 - 18*r - 156. Determine m(-5).
1034
Let w(x) = -13*x**3 + 921*x**2 + 140*x + 132. What is w(71)?
-10
Let p(q) = q**3 + 335*q**2 - 53456*q - 993. Determine p(-453).
-87
Let x(j) = 78*j**2 + 581*j + 1788. Give x(-3).
747
Let f(g) = -2*g**3 - 132*g**2 + 295*g + 19455. Give f(-66).
-15
Let i(b) = 16*b**2 - 108*b - 493. What is i(-4)?
195
Let j(b) = 1789*b + 728. Determine j(-1).
-1061
Let l(n) = 27*n**3 - 92*n**2 + 2886*n - 11798. Give l(4).
2
Let a(y) = -198*y**3 - 1583*y**2 + 12*y - 56. Give a(-8).
-88
Let a(j) = 505*j**3 - j**2 - 29*j - 28. Determine a(-1).
-505
Let h(o) = o**3 + 115*o**2 - 14*o - 14572. Determine h(-114).
20
Let i(o) = 110*o**2 + 239*o - 711. What is i(2)?
207
Let f(c) = -2954*c**2 + 5848*c + 133. Determine f(2).
13
Let y(a) = -a**3 - 5*a**2 - 149*a - 425. Determine y(-3).
4
Let u(v) = 6*v**2 - 1111*v + 6457. Determine u(6).
7
Let y(z) = -5*z**3 + 13*z**2 + 29*z - 155. Determine y(-4).
257
Let l(j) = 134*j**2 + 4720*j + 1053. Determine l(-35).
3
Let y(k) = 19575*k - 19569. Determine y(1).
6
Let j(k) = -444*k - 59072. Calculate j(-133).
-20
Let x(s) = 17063*s - 15390825. What is x(902)?
1
Let n(h) = -1102418*h - 2204825. Calculate n(-2).
11
Let t(c) = 713*c + 2338. Calculate t(-4).
-514
Let h(b) = -78*b + 803. Give h(5).
413
Let y(m) = -793197*m + 3172804. What is y(4)?
16
Let o(y) = -98914*y - 198273. Calculate o(-2).
-445
Let a(p) = -7*p**2 - 882*p + 1518513. What is a(407)?
-4
Let s(p) = -153*p + 344. What is s(7)?
-727
Let g(r) = -27*r**2 + 3204*r + 6529. Calculate g(-2).
13
Let a(m) = -2*m**3 + 150*m**2 + 125*m - 214. What is a(76)?
-2266
Let w(k) = -k**3 + 4*k**2 + 4*k + 2032. Calculate w(0).
2032
Let g(x) = -238*x + 6084. Give g(27).
-342
Let h(c) = 1267*c - 112186. What is h(90)?
1844
Let b(s) = s**3 - 18*s**2 + 161*s + 668. What is b(-3)?
-4
Let a(p) = -37*p**2 - 2092*p + 2088. Give a(1).
-41
Let a(l) = -l**3 + 19*l**2 + 1163*l - 25576. Determine a(27).
-7
Let k(g) = -144*g + 10194. Give k(73).
-318
Let l(q) = -2506*q - 44350. Give l(-18).
758
Let y(r) = -33*r**2 + 350*r + 973. Determine y(-3).
-374
Let j(u) = -u**3 - 8*u**2 - 2147*u - 10652. Give j(-5).
8
Let z(d) = d**3 + 171*d**2 - 2449*d - 10693. Give z(-184).
-205
Let n(t) = -t**3 - 154*t**2 - 342*t - 5793. Determine n(-152).
-17
Let w(n) = -3162*n + 47454. Calculate w(15).
24
Let q(f) = f**3 - 129*f**2 + 2230*f + 13275. Give q(107).
7
Let b(a) = a**3 - 10*a**2 + 12*a - 788. Determine b(13).
-125
Let w(j) = 4*j + 1252. Calculate w(-42).
1084
Let s(d) = -91*d - 5827. What is s(-73)?
816
Let j(q) = -q**3 + 216*q**2 - 816*q - 6786. Calculate j(212).
-2
Let o(y) = -y**2 - 1220*y - 21575. Calculate o(-18).
61
Let z(g) = -g**3 + 57*g**2 - 870*g + 1893. Calculate z(20).
-707
Let n(o) = -o**3 - 4*o**2 + 334*o - 18. What is n(16)?
206
Let s(p) = -4113*p - 115187. Give s(-28).
-23
Let f(o) = -40*o**2 + 252*o + 504. Determine f(-2).
-160
Let v(n) = 961*n**2 - 4579*n - 3. Calculate v(5).
1127
Let f(z) = -64400*z - 64398. Give f(-1).
2
Let z(i) = 6447*i - 1295852. Determine z(201).
-5
Let g(j) = -1179*j + 27293. Determine g(23).
176
Let b(m) = 101*m + 3607. Calculate b(-46).
-1039
Let f(l) = 4278*l - 47236. Determine f(11).
-178
Let j(h) = -h**3 - h**2 + 177*h - 350. What is j(2)?
-8
Let q(v) = 2*v**2 + 1485*v - 2526862. Determine q(-1555).
13
Let a(p) = -7948*p + 39776. Give a(5).
36
Let n(v) = -v**3 + 361*v**2 - 707*v - 3948. Determine n(359).
1
Let i(a) = -17*a**2 + 9364*a + 20500. Determine i(553).
39
Let r(o) = 609*o - 16708. What is r(28)?
344
Let t(p) = -433013*p + 6062178. Determine t(14).
-4
Let u(d) = -275*d + 2250. Determine u(8).
50
Let o(q) = -q**3 + 776*q**2 - 4155*q - 2787. What is o(6)?
3
Let p(i) = -i**3 + 25*i**2 + 20725*i - 83. What is p(157)?
74
Let r(z) = -4*z**3 - 1562*z**2 + 792*z + 3993. Give r(-391).
83
Let c(z) = -z**3 + 19*z**2 - 27*z - 35. What is c(19)?
-548
Let s(a) = -237*a + 1997. Determine s(13).
-1084
Let j(g) = -g**2 + 4601*g - 109844. What is j(24)?
4
Let w(l) = -301904*l - 10868547. Give w(-36).
-3
Let l(s) = 10*s**2 + 37*s - 2972. What is l(-19)?
-65
Let x(p) = 6*p**3 + 398*p**2 - 13471*p - 268. Calculate x(-91).
5
Let v(z) = 15*z**2 - 19989*z - 168955. Calculate v(1341).
11
Let d(u) = -u**3 - 45*u**2 + 4501*u + 38376. Calculate d(-8).
0
Let p(v) = 19*v**2 - 129*v - 34. Give p(7).
-6
Let a(z) = 41*z - 7156. Determine a(98).
-3138
Let m(n) = n**3 + 107*n**2 + 783*n - 1134. Calculate m(-99).
-243
Let x(b) = -b**3 + 546*b**2 + 1437*b + 115255. Determine x(549).
-35
Let v(z) = -6*z**2 + 394*z - 1244. What is v(65)?
-984
Let a(l) = -27*l**3 - 5*l**2 - 81*l - 153. What is a(-2)?
205
Let y(k) = 2*k**3 - 255*k**2 - 128*k + 80. What is y(128)?
80
Let w(t) = -t**3 - 470*t**2 + 17678*t - 110. Determine w(35).
-5
Let z(c) = 70*c**3 + 2*c**2 - 105*c + 191. Determine z(2).
549
Let v(t) = 7*t**3 + 178*t**2 - 55*t - 71. Determine v(-26).
-1345
Let f(n) = -786*n - 25912. Calculate f(-33).
26
Let y(q) = -79*q**2 + 7414*q - 6228. Calculate y(93).
3
Let h(u) = u**3 + 2*u**2 - 130*u + 689. What is h(7)?
220
Let o(n) = -640*n + 150993. Give o(236).
-47
Let x(n) = -n**3 - 277*n**2 + 1081*n + 177. Give x(4).
5
Let u(j) = j**2 + 2*j + 93. What is u(-15)?
288
Let f(t) = -3*t**3 + 453*t**2 + 2686*t - 405574. Give f(151).
12
Let s(j) = 2*j**3 + 18*j**2 + 49*j + 415. What is s(-9)?
-26
Let w(y) = y**3 - 144*y**2 - 301*y + 1330. Determine w(146).
16
Let x(y) = y**2 - 16*y + 42. Give x(32).
554
Let d(b) = -12*b**3 - 8*b**2 + 18*b + 166. What is d(5)?
-1444
Let v(s) = -1124*s - 811. Determine v(0).
-811
Let a(s) = -6*s**2 + 758*s + 10502. Give a(139).
-62
Let m(b) = 1990*b + 847747. Calculate m(-426).
7
Let w(s) = -3*s**3 + 98*s**2 + 187*s - 2451. Give w(34).
-717
Let j(w) = -w**3 + 147*w**2 + 6314*w + 10186. Determine j(182).
-6
Let m(x) = x**3 + 126*x**2 + 1274*x + 966. Determine m(-115).
-69
Let g(d) = 12*d**2 + 76*d - 9246. Determine g(25).
154
Let n(j) = -11*j**2 - 310*j + 1762. Determine n(6).
-494
Let c(t) = -533*t + 46479. What is c(87)?
108
Let t(o) = -68913*o - 4341513. Calculate t(-63).
6
Let a(j) = -147*j + 25267. Determine a(171).
130
Let m(r) = -5*r**2 - 349*r - 946. Give m(-67).
-8
Let q(d) = -d**3 - 15*d**2 - 1428*d - 10101. Determine q(-7).
-497
Let d(x) = 293*x - 3174. Calculate d(10).
-244
Let j(r) = r**2 - 4474*r - 2253484. What is j(-457)?
-17
Let p(d) = 9848*d + 50187. Calculate p(-5).
947
Let u(c) = 67*c**2 - 418*c - 1676. Give u(9).
-11
Let k(o) = 11*o**2 + 1551*o - 13942. What is k(9)?
908
Let u(h) = -310*h - 555. Give u(-3).
375
Let w(m) = -m + 78. Determine w(-99).
177
Let u(t) = 55350*t + 442807. What is u(-8)?
7
Let l(w) = -44744*w - 3758506. Determine l(-84).
-10
Let c(d) = d**2 - 63476*d + 634663. Calculate c(10).
3
Let z(m) = -10823*m - 54932. Determine z(-5).
-817
Let g(x) = -2579*x - 11468. What is g(-4)?
-1152
Let s(w) = -2*w**2 - 91*w - 573. Determine s(-5).
-168
Let b(u) = 2*u**3 - 173*u**2 + 519*u - 5. Calculate b(3).
49
Let l(m) = -3*m**2 + 125*m - 2334. Give l(46).
-2932
Let a(b) = 71*b + 1243. What is a(-11)?
462
Let v(j) = -2*j**3 + 13*j**2 - 4*j - 1